Monthly Climatological Summary for May 2024

Name: Wareham Wx   City: Wareham   County: Dorset   Country: UK
Elevation: 33 ft  Lat: N 50° 41' 11"   Lon: W 002° 06' 46"

                  Temperature (°C), Rain (mm), Wind Speed (mph)

                                      Heat  Cool        Avg
    Mean                              Deg   Deg         Wind                 Dom
Day Temp  High   Time   Low    Time   Days  Days  Rain  Speed High   Time    Dir
----------------------------------------------------------------------------------
01  11.0  15.3   14:32   7.3   04:36   7.3   0.0   9.2   2.5  15.0   21:48   WNW
02  11.4  12.8   17:36  10.2   23:52   6.9   0.0  14.0   7.0  22.0   03:13     W
03  12.4  16.3   15:48   9.9   01:22   5.9   0.0   0.0   7.4  28.0   15:17   WSW
04  12.6  18.3   16:30   5.4   06:17   5.7   0.0   0.0   3.4  15.0   15:09   ESE
05  11.3  15.5   15:34   6.2   04:01   7.0   0.0   0.0   3.1  16.0   12:42   SSE
06  12.2  16.9   12:49   8.4   00:19   6.1   0.0   5.2   2.0  11.0   12:56    NW
07  15.2  22.7   15:06   9.9   05:34   3.8   0.7   0.2   3.7  15.0   15:20    NW
08  13.4  18.2   14:51   8.8   06:10   4.9   0.0   0.0   2.9  12.0   08:30    SE
09  15.0  22.5   16:55   7.1   05:53   4.2   0.8   0.0   2.0  10.0   14:12   ESE
10  16.3  23.4   14:59   8.4   05:19   3.4   1.5   0.0   3.0  14.0   14:50     E
11  17.0  24.1   15:56  10.2   05:33   2.9   1.5   0.0   3.9  15.0   12:04     E
12  16.5  24.9   13:54  11.2   05:39   2.9   1.2   0.0   4.3  18.0   16:57   SSE
13  14.2  16.7   09:42  13.1   00:00   4.1   0.0  21.4   8.4  28.0   16:58   SSE
14  15.0  19.0   16:12  12.3   05:24   3.3   0.0   0.2   7.6  30.0   11:47    SE
15  14.9  18.8   15:52  11.3   05:38   3.4   0.0   0.0   7.0  19.0   09:46    SE
16  14.6  19.4   16:51  10.1   05:42   3.7   0.0   0.0   2.2  11.0   13:55    SE
17  14.0  20.1   15:03   7.3   05:43   4.5   0.2   0.0   2.1  14.0   13:32    SE
18  15.3  20.2   18:36  11.1   02:47   3.2   0.2   3.8   2.6  12.0   15:38     W
19  15.8  22.9   16:03   9.8   06:14   3.2   0.7   2.6   2.6  14.0   09:13   NNE
----------------------------------------------------------------------------------
    14.1  24.9    12     5.4     4    86.4   6.8  56.6   4.1  30.0    14     SSE

Max >=  25.0  0
Max <=  10.0  0
Min <=   5.0  0
Min <=   0.0  0
Max Rain: 21.4 on day 13
Days of Rain: 8 (>= 0.2 mm)  4 (>= 5.0 mm)  1 (>= 20.0 mm)
Heat Base: 18.3  Cool Base: 18.3  Method: Integration